.
4
Let m = 15596 - 10999. Calculate the remainder when m is divided by 230.
227
Suppose -57*s + 8 = -49*s. Calculate the remainder when (-25)/10*(0 - 22) is divided by (3/9)/(s/42).
13
Let v = -2024 - -2033. What is the remainder when 701 is divided by v?
8
Let q = 15 - 11. Let d(m) = m**2 - 5*m - 4. Let i be d(11). Let j = i + -40. Calculate the remainder when j is divided by q.
2
Let j be ((-11)/(385/(-588)))/((-4)/(-30)). Suppose 13*y + j = 19*y. What is the remainder when 40 is divided by y?
19
Let p(d) = 4*d + 3. Let f be p(0). Suppose -6*b + b - 5 = 0, -f*c - b + 83 = 0. What is the remainder when c is divided by 12?
4
Suppose 61 = 2*f - 53. Let g = -50 + 95. Suppose t + f = 5*w, 5*w + 3*t = 8*t + g. Calculate the remainder when w is divided by 5.
2
Suppose -5*w = 3*x - 5453, 1546*w = -2*x + 1547*w + 3631. Calculate the remainder when x is divided by 79.
78
Let m(j) = 6*j**2 + 7*j - 7. Calculate the remainder when m(4) is divided by (-210)/(-7) + (7 + 1)/8.
24
Let q(u) = 77*u + 7 + 6*u**2 + 51 - 5*u**2 + 2*u**2. Let c = 119 + -72. Calculate the remainder when c is divided by q(-25).
7
Suppose -19*z + 16*z = -9. Let u(f) = 50 - z*f + 9*f - 8*f. What is the remainder when 149 is divided by u(0)?
49
Let o(m) = m**3 - 29*m**2 + 16*m - 266. What is the remainder when 208 is divided by o(29)?
10
What is the remainder when 695 is divided by (16/12 - (0 - -2))*(-19 - 8)?
11
Let q = 1403 + -959. Calculate the remainder when (-165)/66*q/(-10) is divided by 19.
16
Calculate the remainder when 625 is divided by 45 - 3 - (-97 - -82).
55
Let l = 38 + -31. Calculate the remainder when 177 is divided by 6 - (3 - (l - 1)).
6
Suppose 94 = 3*k + 4*w - 1341, -k - 5*w = -493. Suppose -174*x = -163*x - k. What is the remainder when 472 is divided by x?
42
Let a(w) = -5*w + 40. Let o be a(7). Suppose 3*k = 5*k - 4. Suppose -5*j + 4*z + 259 = k*z, 262 = o*j - z. Calculate the remainder when j is divided by 11.
9
Let k be (-12)/(-10)*(-220)/(-66). Let z(a) = a**2 + 13*a + 1. Calculate the remainder when 273 is divided by z(k).
66
Let t(d) = 820*d + 2565. Suppose 5*o - 4 = 31. What is the remainder when t(-3) is divided by 6/21 + 187/o?
24
Suppose -18*r + 85*r = 187081 + 118305. What is the remainder when r is divided by 86?
0
Suppose 3*x - 3 = 2*x + n, 4*x + 2*n - 6 = 0. Suppose -3*f + 0*h + x*h = 3, 4*h + 6 = 2*f. Calculate the remainder when ((-7)/(-3))/(f/(-153)) is divided by 24.
23
Suppose -7*l - 1566 = -13*l. Suppose -2*w + l = 17. Calculate the remainder when w is divided by 31.
29
Suppose 5*u + 230 = 6*u. Let g be (-7)/((-14)/4) - u - 2. Let o = g - -348. Calculate the remainder when o is divided by 40.
38
Let q(i) = -4*i**2 + 250*i + 409. Calculate the remainder when q(62) is divided by 332.
201
Suppose 665*d = 476*d + 18711. What is the remainder when 304 is divided by d?
7
Let g(i) = 3*i - 69. Let m(l) = 50*l - 1175. Let v(c) = -35*g(c) + 2*m(c). What is the remainder when 116 is divided by v(10)?
11
Let b = 185 + -181. Suppose -r - b*p = -308, 3*p = r - 196 - 77. Calculate the remainder when r is divided by 29.
27
Let i = 345 - 343. Let k be (-2 + 0/(-3))*-3. Calculate the remainder when (172/6)/(i/k) is divided by 29.
28
Let w be (-36)/336*-4 + 1061/7. Let b = -76 + w. Let x = -15 + 28. Calculate the remainder when b is divided by x.
11
Suppose 0 = 5*c + 3*l - 2094, 279*c + l - 1671 = 275*c. Calculate the remainder when c is divided by 47.
41
Suppose -3*g + 94 = -5*m, m = -3*g + 2*g + 26. Let c = g - 34. What is the remainder when 44 is divided by (-20)/c*(-27)/(-6)?
14
Suppose 0 = -13*x + 15*x - 3*t - 399, 5*t = -2*x + 391. What is the remainder when 1218 is divided by x?
30
Suppose 13*k + 2*k = 4*k + 803. Calculate the remainder when 117 is divided by k.
44
Let r = -350344 + 350380. Let c = -49 - -35. Calculate the remainder when r is divided by 4/(-14) + (-284)/c.
16
Suppose -415*p - 1768 = -423*p. What is the remainder when p is divided by 1 + (-4806)/(-66) - 2/(-11)?
73
Suppose 489*c = 476*c + 1430. Calculate the remainder when 213 is divided by c.
103
Suppose 22*m - 4836 = 7044. What is the remainder when (13/((-78)/m))/(-2) is divided by 19?
7
Let k be (-40)/(-30)*6/4. Suppose k*j - 2*m - 90 = m, j + 4*m - 23 = 0. Let d = j + -24. What is the remainder when 29 is divided by d?
14
Let q(w) = 21*w - 290. What is the remainder when 56 is divided by q(15)?
6
Let j(k) = -40*k - 936. What is the remainder when 534 is divided by j(-30)?
6
Let k(p) = p**3 + 52*p**2 - 49*p + 795. Calculate the remainder when k(-53) is divided by 25.
8
Let m = -7 + 13. Let p be (-432)/(-20)*(-3 - (-118)/m). Suppose 6*n + p = 14*n. Calculate the remainder when n is divided by 18.
9
Suppose 5*p + 47 + 68 = 0. Suppose 150*s + 1271 = 191*s. Let x = p + s. Calculate the remainder when 54 is divided by x.
6
Let x be 91/(-26)*(-4)/21*54. Suppose 10*a - 5*a = -2*d + x, 3*a = -12. Calculate the remainder when d is divided by 7.
0
Let h(x) = 6*x**2 + 24*x - 144. What is the remainder when h(6) is divided by 21?
6
Let s = -7523 - -7573. Let u(c) = 48*c + 1. What is the remainder when u(4) is divided by s?
43
Suppose 8*p = 25 + 87. Let g = -964 - -981. What is the remainder when g is divided by p?
3
Suppose 3*f + 4*u - 1185 = 0, 3*f - 620 = -5*u + 565. Calculate the remainder when f is divided by 102.
89
Suppose -183 - 249 = -6*s. Let t = 121 - s. What is the remainder when t is divided by 26?
23
Let j(l) = -l**2 - 18*l + 25. Let x be j(-15). Suppose -x - 25 = z - w, z = 3*w - 103. Let m = z + 106. Calculate the remainder when m is divided by 5.
0
Let o(r) = -r**3 + 8*r**2 + 5. Let p = -25162 - -25182. What is the remainder when o(6) is divided by p?
17
Let z(u) = -u**3 + 7*u**2 - 10*u + 7. Calculate the remainder when ((-11)/(-33))/((-1)/(-54)) is divided by z(3).
5
Let d = -780 - -842. What is the remainder when 169 is divided by d?
45
What is the remainder when 324 is divided by ((-44)/(-18))/(257/6939)?
60
Suppose -25 = -15*v + 10*v. Let d be v*(3 - 36/10). What is the remainder when d/2 - 1554/(-28) is divided by 11?
10
What is the remainder when 4269 is divided by ((-455)/(-15))/((-22)/(-66))?
83
Let m = 382 + -209. What is the remainder when m is divided by (-16)/24*1 - 1232/(-48)?
23
Let x(a) = -a**2 + 4*a + 79. Let c be x(-7). Suppose 0*w - 38 = -4*w - c*d, w + 7 = 5*d. What is the remainder when -1 + (-1 - (-14)/1) is divided by w?
4
Suppose -111*g + 24647 = 4112. What is the remainder when 380 is divided by g?
10
Suppose 2*m = 34 + 40. Let z = 57 - m. What is the remainder when 70 is divided by z?
10
Let i = 5964 - 5870. Suppose 4*u + c - 116 = -3*c, -3*u - c = -79. What is the remainder when i is divided by u?
19
Suppose 15*q = 27*q - 24. Let t(a) = a**3 + 2*a**2 - 3*a + 5. Calculate the remainder when 204 is divided by t(q).
9
Let u(d) = -14*d. Let c be u(4). What is the remainder when (-2 + -1)/((-3060)/(-1025) - 3) is divided by -39 + 35 - (0 + c)?
49
Suppose 0 = q - 2*q. Let p be (6579/204)/((-26)/16 + 2). Suppose 4*x + q*x - p = -k, 5*k = -4*x + 382. What is the remainder when k is divided by 38?
36
Suppose 0 = 2*h - 6*h + 2*t - 4, 3*t - 6 = -h. Let b be (-64)/(-2) + h + (-5 - -4). Let z = b - -11. Calculate the remainder when 208 is divided by z.
40
Let j(l) = 45*l - 2. Suppose 2*s + 4*f = -26, 0 = -6*s + 3*s - 3*f - 24. Let i be s/(-3) - 0/(-4). What is the remainder when j(i) is divided by 11?
10
Let p(x) = -2*x**3 + 36*x**2 + 54*x + 94. Calculate the remainder when p(19) is divided by 101.
95
Calculate the remainder when ((-128)/10)/((136/20)/(-17)) is divided by (-6)/(-5)*(-120)/(-18).
0
Suppose -51*l - l = -5*l - 1269. Calculate the remainder when 105 is divided by l.
24
Let r(q) = q**3 - 10*q**2 + 20*q + 27. Calculate the remainder when 1103 is divided by r(10).
195
Let y be -1 + -1 + 3 + 2. Let o be -1 + 24*-1 - y. Let i = o - -42. Calculate the remainder when 53 is divided by i.
11
Let a = 155 + -143. Suppose -3*t - 13 - 65 = -3*c, 2*c = 5*t + 43. What is the remainder when c is divided by (4 - 6) + -2 + 1*a?
5
Suppose -89*m + 883 + 1703 = -1241. Calculate the remainder when 2041 is divided by m.
20
Let f be (5/5 - 4)/(1/(-58)). Suppose 16*o + 62 = f. What is the remainder when (-4)/10 + (-234)/(-10) is divided by o?
2
Suppose 68 = 3*t - 25. Suppose